2 + 16 + 2*q - 2*q**2 + 7*q. Determine s(8).
2
Let s(g) = -g**3 - 41*g**2 - 134*g + 83. Let o(r) = 2*r**3 + 81*r**2 + 268*r - 164. Let z(j) = 3*o(j) + 5*s(j). Give z(-34).
-9
Let a(h) = h**2 - 4. Let v = -24169 - -24178. Calculate a(v).
77
Let c(m) = 42 + 6*m - 51 - 26. Determine c(10).
25
Suppose -4*h = -h - 27. Suppose h = 3*v - 6. Let j(z) = -3*z + 1. Let k(c) = -16*c + 3. Let d(u) = -5*j(u) + k(u). Give d(v).
-7
Let b(l) = 2*l - 10. Let x be b(5). Suppose x = -16*v + 11*v + 25. Let a(m) = -4*m + 1. Let q(c) = -42*c + 10. Let f(z) = -10*a(z) + q(z). Determine f(v).
-10
Let z(s) = 2*s**3 - 63*s**2 + s - 60. Let i(h) = -h**3 + 31*h**2 + 16. Let l(w) = -7*i(w) - 3*z(w). Calculate l(28).
-16
Let p(a) = 5*a**2 - 397*a + 4. Let d(j) = -j**2 + 65*j - 1. Let x(c) = -6*d(c) - p(c). What is x(-7)?
2
Let q(t) = -t**3 + 6*t**2 - 9*t + 12. Let a be (-8 - 170/(-25))*(11 - 16). Calculate q(a).
-42
Let d(j) = -j**3 + 10*j**2 + 7*j + 12. Let k = -16146 - -16157. Calculate d(k).
-32
Suppose -2*d = r - 0*r + 3, -5*d - 13 = -3*r. Let a = 1 - r. Let x(j) = -5*j**2 + 19*j - 6. Let q(o) = 2*o**2 - 6*o. Let m(c) = 3*q(c) + x(c). Calculate m(a).
-6
Let b(q) = 6*q + 2. Let s(c) = 50 + 54 + 5*c + 13*c - 138. Let f be s(2). Calculate b(f).
14
Let a(k) be the first derivative of k**3/3 - k**2 - 5*k - 1. Let v be (-3 + (-692)/(-8))/((-1)/2). Let w = v - -171. Determine a(w).
3
Let m = -823 - -831. Let l be (2 - 10)*-1 - 2. Suppose -m*w = -l*w + 6. Let b(r) = -r - 4. What is b(w)?
-1
Let a(p) = -p + 32. Let f = -1944 - -1955. Calculate a(f).
21
Let f(y) = 4*y**3 - 8*y**2 - y + 5. Let l(o) = -33*o**3 + 61*o**2 + 10*o - 41. Let q(b) = -17*f(b) - 2*l(b). What is q(7)?
-24
Let m(w) = -3*w**3 - 32*w**2 + 4*w + 6. Let h(f) = -f**3 - 5*f**2 + 1. Let i(n) = 5*h(n) - m(n). Give i(4).
-33
Let h(j) be the third derivative of -j**6/60 - j**4/8 - 2*j**3/3 - 35*j**2. Calculate h(0).
-4
Let c(d) = d**3 + 2*d**2 - d - 10. Let q(y) = -69*y - 207. Let j be q(-3). Calculate c(j).
-10
Let g be (-7)/4 - 390/(-104). Let m(y) = -7*y**2 + y - 11. Let x = -10 + 5. Let k(o) = -4*o**2 - 6. Let v(f) = x*k(f) + 3*m(f). Calculate v(g).
-1
Let m(g) = -2*g - 6. Let x(q) = -q**3 + 5*q**2 + 5*q - 1. Let r(v) = -v**3 + 13*v**2 - 34*v - 12. Let k be r(9). Let n be x(k). What is m(n)?
8
Let n(z) = -79*z**2 + 60*z - 160. Let w(h) = -382*h**2 + 299*h - 798. Let c(d) = 29*n(d) - 6*w(d). Determine c(51).
-5
Let u(f) = 2*f + 7. Let h = -3488 - -3478. Determine u(h).
-13
Let s(p) be the first derivative of -10*p + 1/4*p**4 - 1/2*p**2 + 16/3*p**3 - 41. Give s(-16).
6
Let z(b) be the second derivative of 5*b**3/6 - 2*b**2 - b. Suppose -242*n + 245*n - 20 = 2*r, 4*n = r + 25. Give z(n).
26
Let q(x) be the first derivative of -x**3/6 + 4*x**2 + 8*x + 36. Let b(k) be the first derivative of q(k). Give b(10).
-2
Let f(m) = -4*m + 27. Let x be f(11). Let a be (-17)/x - (-6 + (-2 - -1)). Let v(n) be the first derivative of n**2/2 - 16*n + 19. Give v(a).
-8
Let g(n) be the third derivative of -11*n**4/12 + 5*n**3/3 + n**2 - 6*n + 35. Calculate g(4).
-78
Let t be (2/4)/(14/196). Suppose -t*s + 6*s = -y - 3, 0 = -y + 4*s - 18. Let w(g) = g**2 + 5*g - 2*g**y - 13*g + 3. What is w(-8)?
3
Let o be (2 - 5 - -2)/((-2)/106). Suppose 4*u - 67 = o. Suppose -u + 20 = -2*h. Let f(z) = z**2 - 6*z + 1. Calculate f(h).
-4
Let f(g) = 2*g**2 - 83*g + 44. Let c(z) = 3*z**3 - 17*z**2 + 26*z - 151. Let m be c(6). Determine f(m).
3
Let m(c) be the third derivative of c**6/120 + c**5/6 + c**4/12 + 2*c**3 - 9*c**2. Let h = -104 - -94. Give m(h).
-8
Let f(v) = -198*v + 420. Let p(n) = -65*n + 131. Let y(x) = 5*f(x) - 16*p(x). Determine y(-2).
-96
Let z(y) = -10*y**2 + y - 1. Let l(m) = 71*m**2 - 7*m + 4. Let q(f) = 2*l(f) + 14*z(f). Determine q(2).
2
Let q(d) be the third derivative of -d**4/3 - d**3/2 + 9*d**2 - 40*d. Calculate q(-3).
21
Let y(z) = -2 + 83572*z + 3 - 83567*z. Suppose -2*r - 14 = 5*s, -2*s = -3*r - 6*s - 14. Determine y(r).
-9
Suppose q + 4*q = -2*f - 29, -5*f + 5*q - 20 = 0. Let i(j) = 18*j + 4. Let h(r) = 10*r + 1. Let l(p) = f*h(p) + 4*i(p). What is l(-6)?
-3
Let s(n) = -31*n**2 + 19*n + 13. Let d(z) = 9*z**2 - 6*z - 4. Let g(u) = 7*d(u) + 2*s(u). Let q be 42/8*24/9. Let p be (-12)/(-42) - (-38)/q. Determine g(p).
-5
Let g be 4/(0 - -20)*-5. Let d(p) be the third derivative of 0 + 1/12*p**4 - 45*p**2 + 0*p + 1/6*p**3 - 13/120*p**6 + 0*p**5. Determine d(g).
12
Let n = 30 + 37. Let f(g) = 4*g**2 + 1 - 63*g**3 + n*g**3 - g + 0*g**2 - 3*g**2. What is f(1)?
5
Let w(v) be the first derivative of -1/3*v**3 + 1/2*v**2 - 15*v - 82. Suppose -2*c + 0*c = 0. Determine w(c).
-15
Let b(o) = -30 + 1021*o**2 + 1 + 27*o - 510*o**2 - 513*o**2. Calculate b(12).
7
Let p(f) = -3*f - 36. Let c(x) = x**3 - 34*x**2 + 87*x + 171. Let w be c(31). Calculate p(w).
9
Let l(r) be the second derivative of -r**3/6 + r**2 + 47*r. Let j(z) = -1. Let o(w) = 6*j(w) - l(w). Give o(7).
-1
Let x(g) be the second derivative of -g**5/20 + 41*g**4/12 - 149*g**3/6 + 37*g**2/2 + 208*g - 2. Determine x(37).
0
Let o(n) be the second derivative of 0*n**3 - 3/4*n**4 + 0*n**2 - 1/120*n**6 + 1/120*n**5 - 5*n + 0. Let v(g) be the third derivative of o(g). What is v(1)?
-5
Let j = 99 + -106. Let b(c) be the second derivative of -1/12*c**4 + 1/2*c**2 + 0 + 18*c - c**3. Determine b(j).
-6
Let x(z) = -1 + 3 + z**2 + 4. Let f(q) = -2*q + 70. Let p be f(35). Suppose -2*h = -p*h. What is x(h)?
6
Suppose -7*n = -10*n. Suppose -2*d = d + 3*i - 6, -2*d + 5*i + 4 = n. Let j(f) = 3*f**2 + 3*f**2 + 5 - 4*f - d*f**2 + f**3 + 0*f**2. Calculate j(-5).
0
Let o(t) = t**2 - 6*t - 6. Let a = 164 + -95. Let z = -31 + a. Let g = z + -31. Determine o(g).
1
Let j(r) = -2*r**2 + 0*r**2 + r**2 + 0*r - 6*r - 7. Let i(k) = -k**2 + 74*k + 3385. Let h be i(106). Calculate j(h).
-14
Let j(d) = -5*d + 4. Let c = -157 + 174. Suppose -c*f + 69 + 33 = 0. What is j(f)?
-26
Let w(h) = 4*h + 2*h + 4*h - 4*h + 5. Let r be w(-1). Let v(d) = 2*d + 0*d**2 + 1 - 9*d**3 + d**2 - d**2. Calculate v(r).
8
Let c(v) = -53*v - v**2 + 48*v - 57 + 62. Suppose 0 = o + 4*p - 0*p + 26, -2*o - 3*p - 27 = 0. Determine c(o).
-1
Let v(r) be the first derivative of -r**6/360 + 11*r**5/120 - 5*r**4/12 + 5*r**3 - 39. Let q(l) be the third derivative of v(l). Calculate q(9).
8
Suppose -3*i - 4*v + 14 = -5*i, 5*i + v + 2 = 0. Let b(t) = -t**2 - t + 3. Let c(p) = 4*p - 3. Let s(n) = i*c(n) - 2*b(n). Give s(4).
21
Let c(h) = -h**2 - 9*h - 24. Let d(k) = 2*k**2 + 15*k + 43. Let a(b) = 9*c(b) + 4*d(b). Give a(-19).
-6
Let z(k) = -k + 9. Let r be z(-9). Let p be ((-3)/r*2)/(2/(-6)). Suppose 6 - p = 5*d + 2*v, -2*d - 3*v = 9. Let f(y) = -y**3 + 2*y**2 - 2. What is f(d)?
-11
Let o(h) be the second derivative of -h**5/30 + h**4/6 + 5*h**3/6 + 8*h**2 - 10*h. Let c(w) be the first derivative of o(w). Give c(5).
-25
Let f(l) = 2*l**3 - 12*l**2 - 2*l + 17. Let r be f(6). Let o(c) = 5 - 3*c + 2 - 3. Determine o(r).
-11
Let f(k) = -13*k + 8. Let d be (-12)/(-9)*117/26. Let a(x) = -11*x + 7. Let y(t) = d*f(t) - 7*a(t). What is y(-6)?
5
Let j(m) = m - 2*m + 0*m + 2*m**3 + 2. Let b(o) = 15*o + 8. Let g be b(0). Let d be -9 + (32/g - -3). What is j(d)?
-12
Let n = -6932 - -6923. Let s(o) = -14*o - 124. Calculate s(n).
2
Suppose 0*f + 4 = 2*f. Let j(n) = 1 - 13483*n + 6740*n - 3*n**3 + 2*n**2 + 6740*n. What is j(f)?
-21
Suppose 268 = 37*j + 46. Let c(f) = -f - 2. Determine c(j).
-8
Let f(k) be the third derivative of -k**4/12 - 2*k**3 + 386*k**2. Calculate f(-13).
14
Let w be 2 - 0 - (-1 - (4 + -2)). Suppose -w*o = -3*p - 5 - 4, -5*o = 0. Let f(m) = -5*m - 7. Determine f(p).
8
Suppose -5*k + 5*a = 31 - 21, 0 = -5*k + 3*a. Let s(g) = -10*g**2 - g - 4. Give s(k).
-97
Let f(z) = 13*z**3 - 11*z**2 - 11*z. Let n(t) = -t**3 + t**2 + t. Let d(u) = 3*f(u) + 33*n(u). Determine d(-1).
-6
Let z(s) = -s**2 - 4*s + 7. Let v = -230 - -443. Suppose -5*k = 4*m - v, 0 = -5*k + m + m + 231. Let g = 40 - k. Give z(g).
2
Let c(y) = -9*y - 4. Let d(v) = 18*v + 9. Let m(h) = -13*c(h) - 6*d(h). Suppose -411 = -3*j + 5*s - 483, 11*j + 3*s - 56 = 0. Give m(j).
7
Let i(x) be the second derivative of 61*x + 3/2*x**2 + 1/6*x**4 + 0 - 2/3*x**3. What is i(4)?
19
Let b(l) = l**3 - 9*l**2 - 11*l + 12. Let w be b(10). Let m(v) = -2*v + 5*v - w - 5*v + 7*v. Calculate m(1).
3
Let y be (